{"id":314,"date":"2022-01-30T20:34:31","date_gmt":"2022-01-30T18:34:31","guid":{"rendered":"http:\/\/www.itsevoima.fi\/?page_id=314"},"modified":"2022-01-30T20:34:31","modified_gmt":"2022-01-30T18:34:31","slug":"evastekaytanto","status":"publish","type":"page","link":"https:\/\/turtolankauppakeskus.fi\/?page_id=314","title":{"rendered":"Ev\u00e4stek\u00e4yt\u00e4nt\u00f6"},"content":{"rendered":"\n[et_pb_section fb_built=&#8221;1&#8243; theme_builder_area=&#8221;post_content&#8221; _builder_version=&#8221;4.14.2&#8243; _module_preset=&#8221;default&#8221;][et_pb_row _builder_version=&#8221;4.14.2&#8243; _module_preset=&#8221;default&#8221; column_structure=&#8221;1_5,3_5,1_5&#8243; theme_builder_area=&#8221;post_content&#8221; hover_enabled=&#8221;0&#8243; sticky_enabled=&#8221;0&#8243;][et_pb_column _builder_version=&#8221;4.14.2&#8243; _module_preset=&#8221;default&#8221; type=&#8221;1_5&#8243; theme_builder_area=&#8221;post_content&#8221;][\/et_pb_column][et_pb_column _builder_version=&#8221;4.14.2&#8243; _module_preset=&#8221;default&#8221; type=&#8221;3_5&#8243; theme_builder_area=&#8221;post_content&#8221;][et_pb_text _builder_version=&#8221;4.14.2&#8243; _module_preset=&#8221;default&#8221; theme_builder_area=&#8221;post_content&#8221; text_font=&#8221;Montserrat Alternates||||||||&#8221; header_font=&#8221;Montserrat||||||||&#8221; hover_enabled=&#8221;0&#8243; sticky_enabled=&#8221;0&#8243;]<h1>Ev\u00e4stek\u00e4yt\u00e4nt\u00f6<\/h1>[\/et_pb_text][et_pb_text _builder_version=&#8221;4.14.2&#8243; _module_preset=&#8221;default&#8221; theme_builder_area=&#8221;post_content&#8221; hover_enabled=&#8221;0&#8243; sticky_enabled=&#8221;0&#8243; header_2_font=&#8221;Montserrat||||||||&#8221; text_font=&#8221;Lato||||||||&#8221;]<h2 class=\"optanon-cookie-policy-group-name\">V\u00e4ltt\u00e4m\u00e4tt\u00f6m\u00e4t ev\u00e4steet<\/h2>\n<p class=\"optanon-cookie-policy-group-description\">N\u00e4m\u00e4 ev\u00e4steet ovat tarpeellisia sivuston toiminnan kannalta, eik\u00e4 niit\u00e4 voi poistaa k\u00e4yt\u00f6st\u00e4. Niit\u00e4 asetetaan tavallisesti vain, kun k\u00e4yt\u00e4t toimintoja, jotka luovat palvelupyynt\u00f6j\u00e4, kuten tietosuoja-asetusten m\u00e4\u00e4ritt\u00e4minen,\u00a0 Voit asettaa selaimesi est\u00e4m\u00e4\u00e4n n\u00e4m\u00e4 ev\u00e4steet tai h\u00e4lytt\u00e4m\u00e4\u00e4n niist\u00e4, mutta jotkin sivuston osat eiv\u00e4t sen j\u00e4lkeen v\u00e4ltt\u00e4m\u00e4tt\u00e4 toimi.<\/p>\n<p class=\"optanon-cookie-policy-cookies-used\">K\u00e4ytetyt ev\u00e4steet<\/p>\n<ul class=\"optanon-cookie-policy-group-cookies-list\">\n<li>CookieConsent_status<\/li>\n<li>CookieConsent_status_tech<\/li>\n<li>CookieConsent_status_muut<\/li>\n<\/ul>\n<p>Yll\u00e4olevia ev\u00e4steit\u00e4 k\u00e4ytet\u00e4\u00e4n tallentamaan k\u00e4ytt\u00e4j\u00e4n ev\u00e4stevalinnat.<\/p>\n<h2 class=\"optanon-cookie-policy-group-name\"><\/h2>\n<h2 class=\"optanon-cookie-policy-group-name\">Kolmannen osapuolen verkkosivujen ev\u00e4steet<\/h2>\n<p>K\u00e4yt\u00e4mme sivustollamme upotettua Google Maps -karttaa. Emme voi vaikuttaa Googlen omaan ev\u00e4stepolitiikkaan, mutta voit poistaa kartan k\u00e4yt\u00f6st\u00e4 hylk\u00e4\u00e4m\u00e4ll\u00e4 3. osapuolen ev\u00e4steet.<\/p>\n<p><span>Meill\u00e4 ei ole my\u00f6sk\u00e4\u00e4n mahdollisuutta kontrolloida muiden verkkosivujen ev\u00e4steit\u00e4, vaikka sinut ohjattaisiin sivustolle verkkosivujemme kautta.<\/span><\/p>[\/et_pb_text][\/et_pb_column][et_pb_column _builder_version=&#8221;4.14.2&#8243; _module_preset=&#8221;default&#8221; type=&#8221;1_5&#8243; theme_builder_area=&#8221;post_content&#8221;][\/et_pb_column][\/et_pb_row][\/et_pb_section]\n","protected":false},"excerpt":{"rendered":"<p>Ev\u00e4stek\u00e4yt\u00e4nt\u00f6V\u00e4ltt\u00e4m\u00e4tt\u00f6m\u00e4t ev\u00e4steet N\u00e4m\u00e4 ev\u00e4steet ovat tarpeellisia sivuston toiminnan kannalta, eik\u00e4 niit\u00e4 voi poistaa k\u00e4yt\u00f6st\u00e4. Niit\u00e4 asetetaan tavallisesti vain, kun k\u00e4yt\u00e4t toimintoja, jotka luovat palvelupyynt\u00f6j\u00e4, kuten tietosuoja-asetusten m\u00e4\u00e4ritt\u00e4minen,\u00a0 Voit asettaa selaimesi est\u00e4m\u00e4\u00e4n n\u00e4m\u00e4 ev\u00e4steet tai h\u00e4lytt\u00e4m\u00e4\u00e4n niist\u00e4, mutta jotkin sivuston osat eiv\u00e4t sen j\u00e4lkeen v\u00e4ltt\u00e4m\u00e4tt\u00e4 toimi. K\u00e4ytetyt ev\u00e4steet CookieConsent_status CookieConsent_status_tech CookieConsent_status_muut Yll\u00e4olevia ev\u00e4steit\u00e4 k\u00e4ytet\u00e4\u00e4n tallentamaan k\u00e4ytt\u00e4j\u00e4n [&hellip;]<\/p>\n","protected":false},"author":1,"featured_media":0,"parent":0,"menu_order":0,"comment_status":"closed","ping_status":"closed","template":"","meta":{"_et_pb_use_builder":"on","_et_pb_old_content":"","_et_gb_content_width":"","inline_featured_image":false,"footnotes":""},"class_list":["post-314","page","type-page","status-publish","hentry"],"_links":{"self":[{"href":"https:\/\/turtolankauppakeskus.fi\/index.php?rest_route=\/wp\/v2\/pages\/314","targetHints":{"allow":["GET"]}}],"collection":[{"href":"https:\/\/turtolankauppakeskus.fi\/index.php?rest_route=\/wp\/v2\/pages"}],"about":[{"href":"https:\/\/turtolankauppakeskus.fi\/index.php?rest_route=\/wp\/v2\/types\/page"}],"author":[{"embeddable":true,"href":"https:\/\/turtolankauppakeskus.fi\/index.php?rest_route=\/wp\/v2\/users\/1"}],"replies":[{"embeddable":true,"href":"https:\/\/turtolankauppakeskus.fi\/index.php?rest_route=%2Fwp%2Fv2%2Fcomments&post=314"}],"version-history":[{"count":0,"href":"https:\/\/turtolankauppakeskus.fi\/index.php?rest_route=\/wp\/v2\/pages\/314\/revisions"}],"wp:attachment":[{"href":"https:\/\/turtolankauppakeskus.fi\/index.php?rest_route=%2Fwp%2Fv2%2Fmedia&parent=314"}],"curies":[{"name":"wp","href":"https:\/\/api.w.org\/{rel}","templated":true}]}}